*2 - 5*s + 1. Let v be n(-5). Give l(v).
8
Let n(a) be the second derivative of a**4/3 - a**3/2 + 119*a. Give n(2).
10
Let n(q) = 10*q**2 + 33 - 23*q**2 + 11*q**2 - 10*q - 66 + 30. Determine n(-5).
-3
Let o(b) = b**3 + 7*b**2 - 3*b - 4. Let u(j) = -3*j**3 - 14*j**2 + 7*j + 9. Let h(q) = -5*o(q) - 2*u(q). Determine h(7).
9
Let y(g) be the third derivative of -g**6/120 + g**5/40 + 43*g**4/24 + 48*g**2. Let x(c) be the second derivative of y(c). Give x(2).
-9
Let a(q) = -7*q - 247. Let u be a(-36). Let p(d) = d + 5. What is p(u)?
10
Let l(f) = f + 3. Suppose 6*r + 4 + 38 = 0. Let y = -3 - r. Suppose 4*g + y*o + 10 = 2*o, 4*o + 2 = -2*g. Calculate l(g).
0
Let j(s) be the third derivative of s**4/24 - s**3/2 + 13*s**2. Determine j(-3).
-6
Suppose -18 = -35*w + 38*w. Let y(f) = -f - 9. Determine y(w).
-3
Let j(p) be the second derivative of p**6/720 + p**5/60 - 2*p**4/3 + 4*p. Let f(v) be the third derivative of j(v). What is f(-4)?
-2
Let f(p) = p**2 + 4*p. Let t be f(-4). Let q(o) = 3*o**2 + 2*o - 1. Let h(b) = -5*b**2 - 3*b + 2. Let g(d) = -2*h(d) - 3*q(d). Calculate g(t).
-1
Let y(j) be the second derivative of j**4/12 + j**3/6 + j**2 - j - 65. Calculate y(-2).
4
Let o(s) = 11*s**3 + 15*s**2 + 13*s. Let t(b) = -2*b**3 - 1. Let r(p) = o(p) + 5*t(p). Calculate r(-14).
9
Let j = 637 + -629. Let a(k) = -2*k + 13. Give a(j).
-3
Suppose -5*n - 53 - 7 = 0. Let m be -1*6*6/n. Let c(g) be the first derivative of g**4/4 - g**3 + 3*g**2/2 - 4*g - 4. Determine c(m).
5
Let w(k) = k**2 - 4*k + 4. Let s(f) = 6*f**2 + 3*f - 1. Let j be s(-1). Determine w(j).
0
Let w(m) = m**3 + 4*m**2 - 6*m - 2. Suppose -h = -2*i + 5*i - 42, 3*i - h = 48. Suppose -2*q - 5*k - 10 = 0, 2*q = 5*q + k + i. Determine w(q).
3
Let s(d) = -60*d**3 - 13*d**2 + 6*d - 24. Let x(l) = 20*l**3 + 4*l**2 - 2*l + 7. Let t(b) = 2*s(b) + 7*x(b). Determine t(1).
21
Let n(k) = -k**3 + 10*k**2 - 9*k + 2. Let y be (-2 - 2/(-10))*-5. Let d be n(y). Let o(r) = -r - 2. What is o(d)?
-4
Let i(f) = f**2 + 2*f - 54. Let p be i(6). Let w(y) = 6*y + 8. What is w(p)?
-28
Let f(j) be the second derivative of -j**4/12 - j**3/2 - j. Suppose 4*o = -3*g + 10, 26*g - 27*g - 4*o = -14. Calculate f(g).
2
Suppose -8 = -3*d + z + 27, -55 = -4*d + 3*z. Let a(m) = -m**2 + 11*m - 5. What is a(d)?
5
Let n(i) = -i + 4. Let w be n(7). Let t(f) = -f - 1. Let c = -17 + 15. Let p(v) = -5*v - 6. Let m(j) = c*p(j) + 14*t(j). Give m(w).
10
Let k(v) = 93 + 4*v - 35 - 42 - 2*v - 5*v. Determine k(7).
-5
Let d(h) be the third derivative of h**4/24 - h**3/2 - h**2 + h. Give d(-8).
-11
Let y(i) be the first derivative of i**2/2 + 4*i + 1. Suppose 2*v - 13 = -93. Let s = 40 + v. What is y(s)?
4
Let n(y) = -3*y - 2. Let c(a) = 9*a. Let g be c(6). Let d be g/(-10) + 2/5. What is n(d)?
13
Suppose 194*d - 260 = 142*d. Let q(x) = -9*x - 5. Determine q(d).
-50
Let z(v) be the first derivative of 1/2*v**2 - v + 5/3*v**3 + 1/4*v**4 - 4. Let u = -39 - -35. Determine z(u).
11
Let k = -111 + 113. Let t(w) = -6*w. Give t(k).
-12
Let j be 13/4 + 15/20. Suppose -j*v + 32 = -0*d + 4*d, v - 2 = d. Let l(r) = 35*r - 80*r + r**2 + 40*r - 7. What is l(v)?
-7
Let k(c) = 0 - 2*c + 1 - 5*c**2 + 7*c**2. Let i be k(1). Let a(g) = -g - 2*g**2 - 5*g**2 + 9*g**2. Give a(i).
1
Let j(o) = 2*o**2 - o + 1. Let d(l) = -11*l**2 + 6*l - 4. Let u(i) = -d(i) - 6*j(i). Let h = -1 - -7. Let f = h + -4. Determine u(f).
-6
Let z(m) = m + 12. Suppose x = -3 + 45. Let a = 37 - x. Give z(a).
7
Suppose -4*g - 4*p = 8, 2*p + 3 = 9. Let i(n) = -4*n**3 - n**2 + 2. Let d(v) = 13*v**3 + 8*v**2 + 2*v - 5. Let c(x) = -d(x) - 3*i(x). Determine c(g).
9
Let r(t) be the second derivative of t**5/20 + 3*t**4/4 + 2*t**3 + 6*t**2 + 24*t - 2. Give r(-8).
-20
Let f(i) = 88*i - 42*i - 21 - 44*i. Calculate f(16).
11
Suppose 0 = -301*k - 1372 - 434. Let f(a) = 2*a**2 - 2*a - 1. Let g(n) = -4*n + 3*n + 0*n**2 - n**2. Let r(j) = -f(j) - 3*g(j). Calculate r(k).
7
Let d(q) be the third derivative of -q**4/8 - 3*q**3/2 - 15*q**2. Calculate d(-5).
6
Let o(l) = 5147*l**2 - 5156*l**2 - 4*l - 3*l - l**3. Determine o(-8).
-8
Let c(z) = -2*z + 7. Let h be ((-9)/(-3) + -4)/(13/(-26)). Calculate c(h).
3
Let r(q) be the second derivative of -q**3/3 - 7*q**2/2 - 2*q + 100. Let s be 36/48 + (-62)/8. Give r(s).
7
Let r be 3/1*(-5)/(-15)*-1. Let u(q) = q + 2. Give u(r).
1
Let l(c) = -c**2 + 1 - 2*c**2 - 2*c + 0*c**2. Suppose u - 5*f + 110 = 0, -2*f = -4*u + f - 525. Let v = u - -136. Give l(v).
-4
Let v(g) be the third derivative of 5*g**4/4 + g**2 + 714. Calculate v(-3).
-90
Let x(g) = 15*g + 19. Let q(b) = -46*b - 65. Let i(v) = -2*q(v) - 7*x(v). Calculate i(-4).
49
Let h = -24 + 26. Suppose 6*f = 4*f - h. Let t(z) = 15*z**3. Give t(f).
-15
Let h(j) = 2*j + 3. Let t(f) = 5*f - 4. Let c(p) = -p + 1. Let u(v) = 9*c(v) + 2*t(v). Let z(l) = -4*h(l) + 10*u(l). What is z(-4)?
-10
Let g(x) = x**2 + 50 + 47 + 47 - 193 + 14*x + 57. What is g(-9)?
-37
Let i(k) be the third derivative of k**4/24 - k**3 + 80*k**2. Give i(3).
-3
Let n(d) = 9*d**2 - d + 1. Let p(s) = s**3 + 8*s**2 - 5*s - 38. Let g be p(-8). What is n(g)?
35
Let i(d) be the third derivative of d**6/12 - d**5/60 + d**4/24 + 31*d**2. What is i(1)?
10
Let m = 6 - 4. Let f(u) be the third derivative of u**5/24 - u**4/12 + 53*u**3/6 - 49*u**2. Let x(n) be the first derivative of f(n). Calculate x(m).
8
Let x(h) = -h**3 + 12*h**2 - 8*h + 1. Let j be ((132/48)/(-1))/((-1)/4). What is x(j)?
34
Let l(c) = c**2 - 12*c + 37. Let z be l(7). Let o(t) = t**3 + 6*t**z + 11*t**2 - 6 - 11*t**2. What is o(-6)?
-6
Let t(j) = -2*j**2 - 9*j - 8. Let n(r) = 6*r - 66. Let z be n(10). What is t(z)?
-26
Let a(y) = -y**3 - 5*y**2 - 6*y - 4. Suppose 0 = 5*s + 22 + 18. Let j be s*(15/6 - 3). Suppose 0 = 3*h - j*h - 4. Calculate a(h).
4
Let o be (6/(-5))/((-6)/(-15)). Let x(s) = s**3 + 5*s**2 + 3*s - 9. Let q be x(o). Let v(r) = r**2 - r - 1. Determine v(q).
-1
Let x(g) = -11*g - 229. Let f be x(-21). Let c(b) = -4*b + 3. Calculate c(f).
-5
Let r(u) = -4*u**2. Let c be ((-1)/(-1))/(6/5 - 1). Suppose -3*a = -w - 8*a + 26, -c*a + 25 = 0. Calculate r(w).
-4
Let i(y) be the second derivative of -y**4/12 + 7*y**3/6 - y**2/2 - y. Let q(a) = -4*a - 10. Let k be -3*1/(-12) + 17/(-4). Let v be q(k). Calculate i(v).
5
Let h(o) be the third derivative of -o**6/120 + o**5/30 - o**4/6 + o**3/6 - 176*o**2. Determine h(-3).
58
Let o = -8 + 12. Let k(p) = 3 - 1 + o - 3 + p. What is k(6)?
9
Let y = 34 - 34. Let j(k) = 4*k**2 - 3*k**2 + 37*k + y*k**2 - 30*k - 7. Give j(-8).
1
Let h(k) = 2*k**2 - 4*k - 1. Suppose 0*x + 10 = 5*x - 5*u, 3*x - 14 = -5*u. Calculate h(x).
5
Let z(i) = 321*i - 171*i - 146*i - 5. Calculate z(7).
23
Suppose -3*q + 41 = 4*x, q + 12 - 55 = -5*x. Let s(r) = 6 + 9*r**2 - x*r**2 + 0 - 8*r. What is s(6)?
-6
Let d = -10 - -5. Let q(c) = 7*c**2 + 4*c + 6. Let x(j) = -6*j**2 - 4*j - 5. Let f(g) = d*q(g) - 6*x(g). Let p be -1 + 0 + -7 + 12/4. Calculate f(p).
5
Let z(g) = 2*g**2 + 3*g + 2. Let t(x) = -x**2 + x. Let w(j) = 5*j + 1. Let o(s) = -3*t(s) + w(s). Let u(f) = -3*o(f) + 4*z(f). Calculate u(6).
5
Let p(k) = k**2 + 11*k - 68. Let g be p(-15). Let v(m) be the third derivative of -m**5/60 - 7*m**4/24 + 4*m**3/3 + 2*m**2. Calculate v(g).
0
Let j(x) = x + 5. Let q be 4 + (-1 + 4)*-13. Let d = 35 + q. Calculate j(d).
5
Let l(h) = -h**3 - 7*h**2 + 3*h + 4. Suppose -115 = 7*d - 66. Determine l(d).
-17
Let o(m) = m - 5. Let a be 6/(-21) + 30/7. Suppose 0 = 3*r + a*n - 28, 6*n - 24 = -2*r + 2*n. Suppose y + 2*j = 7*j - 20, y = -j + r. Determine o(y).
-5
Suppose -2*v + 1 + 3 = 2*u, -5*u + 3*v + 26 = 0. Suppose z + u*z = 0. Let t(d) be the third derivative of -d**4/24 + d**3 - 21*d**2. What is t(z)?
6
Let g(v) = -4*v + 11. Let w(k) be the third derivative of -k**4/12 + 5*k**3/6 + 10*k**2. Let f(q) = -6*g(q) + 13*w(q). Give f(1).
-3
Suppose -2*f + 5 - 3 = 2*a, 4*f = -3*a + 9. Let s(k) = -1 - k**3 + 2*k**2 + 0*k**3 + 5*k + 3*k**2. What is s(f)?
-7
Let n(z) be the second derivative of z**5/20 - 5*z**4/6 - 7*z**3/3 + 5*z**2 - 224*z. What is n(11)?
-23
Let u(l) = -13*l + 365*l**2 - 743*l**2 + 380*l**2 + 6. Give u(5).
-9
Let w(c) be the third derivative of c**4/12 + 3*c**3/2 - 5*c**2. Suppose -168 = -72*o + 96*o. Give w(o).
-5
Let v = -53 + 58. Let j(z) = -2*z**3 - 21*z**2 - 9*z + 7. Let k(x) = x**3 